 base 9, what is -14 - 10?
-24
In base 15, what is -2ee - -14?
-2da
In base 7, what is 3250 - 4?
3243
In base 8, what is 2 - -136?
140
In base 14, what is 3 - 549?
-546
In base 3, what is 120 + -100?
20
In base 11, what is -3 + a5?
a2
In base 5, what is -1224 + 1021?
-203
In base 16, what is -6 - -acc?
ac6
In base 15, what is 5a9 + -5?
5a4
In base 10, what is -3 + 76?
73
In base 16, what is 0 + -32c?
-32c
In base 9, what is 5 - -208?
214
In base 12, what is 37b - 11?
36a
In base 4, what is -2221021 + -1?
-2221022
In base 11, what is -294 + 0?
-294
In base 2, what is 110100011 + 111?
110101010
In base 2, what is 11 - 100?
-1
In base 15, what is b + 67?
73
In base 8, what is -3 - -1613?
1610
In base 15, what is 47 + -5?
42
In base 3, what is -1220011010 - -2?
-1220011001
In base 10, what is -10 + 1?
-9
In base 14, what is 9a - 12?
88
In base 9, what is 4 + 283?
287
In base 3, what is 221 - 11202?
-10211
In base 4, what is -10102 - 20?
-10122
In base 4, what is 11 - -22?
33
In base 13, what is 2 + 3?
5
In base 4, what is 30132 + -2?
30130
In base 11, what is 14 + -97?
-83
In base 4, what is -20222 + 2?
-20220
In base 8, what is 227 - -13?
242
In base 12, what is -35 + -4?
-39
In base 11, what is -1a - 4?
-23
In base 9, what is 65 + 0?
65
In base 10, what is -1 - -72?
71
In base 13, what is 37b - -3?
381
In base 13, what is 134 - 4?
130
In base 6, what is 234 + 10?
244
In base 6, what is 4 + 2404?
2412
In base 3, what is -2110111 - -2?
-2110102
In base 8, what is -322 - 6?
-330
In base 8, what is -2 - 1?
-3
In base 7, what is -1 - -535?
534
In base 13, what is 1 - -20?
21
In base 6, what is -34 - -32?
-2
In base 11, what is 65 - 2?
63
In base 12, what is -1193 - 0?
-1193
In base 15, what is 12be + -3?
12bb
In base 13, what is a38c + 0?
a38c
In base 7, what is -2 - -1515?
1513
In base 11, what is 5 + -542?
-538
In base 14, what is 0 + 799?
799
In base 13, what is -414 - 22?
-436
In base 12, what is 2 - 1725?
-1723
In base 12, what is -940 - -25?
-917
In base 3, what is -201 - 121120?
-122021
In base 6, what is 3 + -1040?
-1033
In base 15, what is -c6 - -56?
-70
In base 9, what is 31 + 50?
81
In base 16, what is 12 - 5?
d
In base 10, what is 22 + 291?
313
In base 16, what is 1a - 1a?
0
In base 11, what is 0 + -258?
-258
In base 2, what is 100 - 10110000?
-10101100
In base 16, what is a - -1a9?
1b3
In base 6, what is 2 - 13?
-11
In base 7, what is 51 + -52?
-1
In base 7, what is -21 + -110?
-131
In base 3, what is 20110 + 10?
20120
In base 15, what is d9 + -2?
d7
In base 10, what is -10754 - 0?
-10754
In base 12, what is -6 + -1?
-7
In base 2, what is 1010 - -11111001010?
11111010100
In base 2, what is 10000 + -110100?
-100100
In base 9, what is -1 + 76?
75
In base 2, what is -10001101 + -100?
-10010001
In base 10, what is -474 + -3?
-477
In base 4, what is -132 + 21?
-111
In base 11, what is 82 - -7a?
151
In base 9, what is -57 + 2?
-55
In base 12, what is 10 + 133?
143
In base 13, what is -4 + 12?
b
In base 15, what is 536 - -2?
538
In base 10, what is 5 + 11?
16
In base 6, what is -3 - 40?
-43
In base 16, what is 8e + 3e?
cc
In base 15, what is -7 - b?
-13
In base 11, what is -9 + -273?
-281
In base 2, what is -10 - 100010011?
-100010101
In base 13, what is 0 - 1b1?
-1b1
In base 14, what is 5 + -10?
-9
In base 3, what is -2120222 - 0?
-2120222
In base 8, what is 3742 - -4?
3746
In base 8, what is -1 - -222?
221
In base 3, what is -122000 - 0?
-122000
In base 6, what is -15 - -2?
-13
In base 5, what is -1 + 144?
143
In base 3, what is 122 + -201?
-2
In base 11, what is -10061 + 5?
-10057
In base 2, what is -1 + -11?
-100
In base 3, what is -210 + -220?
-1200
In base 3, what is -120221 + -12?
-121010
In base 2, what is 11011 + -1100101100?
-1100010001
In base 4, what is -112 + 2?
-110
In base 2, what is -10000011 + -1111?
-10010010
In base 13, what is 3 - 23?
-20
In base 5, what is -1034 + -30?
-1114
In base 7, what is -4 - -1415?
1411
In base 4, what is -13 - -2221?
2202
In base 9, what is 2314 + -12?
2302
In base 11, what is -6 - a?
-15
In base 9, what is -3 + 63?
60
In base 15, what is 0 + -10aa?
-10aa
In base 5, what is -312 - -133?
-124
In base 8, what is -1 - -2670?
2667
In base 5, what is 2 + 111?
113
In base 10, what is 27 - -5?
32
In base 9, what is 15 - 418?
-403
In base 5, what is -114 + 11?
-103
In base 13, what is -9 + 9?
0
In base 4, what is -21 - 231?
-312
In base 16, what is 11 + -294?
-283
In base 5, what is 34101 + -2?
34044
In base 8, what is 6 + -1433?
-1425
In base 12, what is -100 + -24?
-124
In base 12, what is 41 + 5?
46
In base 16, what is 5 + -14c?
-147
In base 3, what is 120121221 - -1?
120121222
In base 12, what is -5b18 + 2?
-5b16
In base 6, what is -4 - -31?
23
In base 6, what is -13 + 25?
12
In base 6, what is -31 + 34?
3
In base 14, what is -4 - 116?
-11a
In base 14, what is 3 - -d?
12
In base 10, what is -1340 - -1?
-1339
In base 15, what is -31 - 1?
-32
In base 4, what is -1301 - 1?
-1302
In base 8, what is -3 - -142?
137
In base 16, what is 0 - -15e?
15e
In base 10, what is 3 + -524?
-521
In base 14, what is 11 + -2a?
-19
In base 9, what is -28 - 2?
-31
In base 7, what is -236 - 5?
-244
In base 6, what is 11 + -225?
-214
In base 16, what is 14 - -77?
8b
In base 6, what is -141 + 34?
-103
In base 12, what is -9 - a?
-17
In base 7, what is 4 - -4061?
4065
In base 5, what is 333 + 24?
412
In base 7, what is -1162 - -1?
-1161
In base 6, what is -122 - -101?
-21
In base 9, what is 333 + -3?
330
In base 10, what is 0 + 16?
16
In base 4, what is 20023 + -3?
20020
In base 7, what is -55456 - 3?
-55462
In base 12, what is 47 + 38?
83
In base 7, what is 332 + -24?
305
In base 2, what is 10 - -1100101111?
1100110001
In base 3, what is -11 + -10011?
-10022
In base 5, what is 2223 - -10?
2233
In base 3, what is 10 + 10122122?
10122202
In base 5, what is 30 + -312?
-232
In base 10, what is -224 + -4?
-228
In base 5, what is 133311 - -10?
133321
In base 8, what is 10305 - 4?
10301
In base 7, what is -4356 - 12?
-4401
In base 15, what is -191 + -2?
-193
In base 7, what is -2 + -12510?
-12512
In base 2, what is 1 + -1?
0
In base 2, what is -101001 + -101110?
-1010111
In base 2, what is -1101101000 - -111?
-1101100001
In base 16, what is -1 + -14b?
-14c
In base 10, what is 2 + -365?
-363
In base 13, what is 2b6 + -1?
2b5
In base 8, what is -15 - 203?
-220
In base 2, what is -10 + 10000?
1110
In base 11, what is 14 - -5?
19
In base 15, what is 5 - 84?
-7e
In base 2, what is -1011010010011 + 1?
-1011010010010
In base 7, what is 144 - 53?
61
In base 6, what is 121 + -11?
110
In base 4, what is 102 + -23?
13
In base 16, what is 3 + -c?
-9
In base 10, what is -42 + -17?
-59
In base 15, what is 4 + -1cb?
-1c7
In base 6, what is 105 + -105?
0
In base 13, what is 1 - -121?
122
In base 3, what is -2201 - 102?
-10010
In base 2, what is 1010 + -111?
11
In base 14, what is -5 + -29?
-30
In base 10, what is 22 - -3?
25
In base 11, what is 5 - 930?
-926
In base 9, what is 16 + -216?
-200
In base 13, what is -b2 - -2?
-b0
In base 2, what is -1 + -111111?
-1000000
In base 14, what is 26 + -13?
13
In base 16, what is 5 - -14f3?
14f8
In base 5, what is 1304 - -3?
1312
In base 3, what is -110 + 2?
-101
In base 14, what is 9 - -3?
c
In base 15, what is 10d + -1b?
e2
In base 16, what is 20 + -253?
-233
In base 11, what is -2 + -59?
-60
In base 3, what is 10110 - 12?
10021
In base 7, what is -1621 - 0?
-1621
In base 2, what is 100011 + 100?
100111
In base 3, what is 1 - 2201?
-2200
In base 4, what is 11 - 1211?
-1200
In base 7, what is 1250 - -2?
1252
In base 9, what is 7041 + 4?
7045
In base 2, what is -1100 + 101?
-111
In base 13, what is -4 - -74?
70
In base 7, what is 163 + -126?
34
In base 4, what is 130 - 100?
30
In base 7, what is -50 - 0?
-50
In base 16, what is -1 - -25?
24
In base 9, what is 177 - 10?
167
In base 15, what is -39c - -a?
-392
In base 12, what is -45 + -17b?
-204
In base 12, what is -8 + -91?
-99
In base 12, what is -4 - -a84?
a80
In base 9, what is 6 - -570?
576
In base 8, what is -12467 - -1?
-12466
In base 11, what is 23 + 3?
26
In base 10, what is 32 + -5?
27
In base 13, what is 789 + -5?
784
In base 16, what is -23 + 13?
-10
In base 14, what is 4 + -2d?
-29
In base 9, what is -1 - 56?
-57
In base 10, what is -13 - -2993?